{"id":3,"date":"2024-03-11T09:53:31","date_gmt":"2024-03-11T08:53:31","guid":{"rendered":"https:\/\/aluron.empressia.dev\/?page_id=3"},"modified":"2024-06-10T15:54:29","modified_gmt":"2024-06-10T13:54:29","slug":"polityka-prywatnosci","status":"publish","type":"page","link":"https:\/\/www.aluron.pl\/polityka-prywatnosci\/","title":{"rendered":"Polityka prywatno\u015bci"},"content":{"rendered":"            <div style=\"height: clamp(4.8rem, 8vw, 9.6rem);\"\n        aria-hidden=\"true\"><\/div>\n\n\n\n<div class=\"wysiwyg wp-block-group eplus-wrapper\"><div class=\"wp-block-group__inner-container is-layout-constrained wp-block-group-is-layout-constrained\">\n<h1 class=\" wp-block-heading eplus-wrapper\">Polityka prywatno\u015bci<\/h1>\n\n\n\n<ol class=\"eplus-wrapper wp-block-list\">\n<li class=\" eplus-wrapper\">Administratorem danych osobowych jest Aluron K. Baran i Wsp\u00f3lnicy S.K.A., ul. Podmiejska 11, 42-400 Zawiercie, NIP: 9462343265, REGON: 432490395, KRS: 0001069069<\/li>\n\n\n\n<li class=\" eplus-wrapper\">Kontakt z Inspektorem Ochrony Danych Administratora mo\u017cliwy jest pod adresem e-mail \u2013 iod@itmfox.pl<\/li>\n\n\n\n<li class=\" eplus-wrapper\">Dane osobowe przetwarzane s\u0105 przez Administratora na podstawie Rozporz\u0105dzenia Parlamentu Europejskiego i Rady (UE) nr 2016\/679 z dnia 27 kwietnia 2016 r. w sprawie ochrony os\u00f3b fizycznych w zwi\u0105zku z przetwarzaniem danych osobowych i w sprawie swobodnego przep\u0142ywu takich danych oraz uchylenia dyrektywy 95\/46\/WE zwanego dalej RODO.<\/li>\n\n\n\n<li class=\" eplus-wrapper\">Podane dane osobowe przetwarzane s\u0105 w celu:\n<ol style=\"list-style-type:lower-alpha\" class=\"eplus-wrapper wp-block-list\">\n<li class=\" eplus-wrapper\">w przypadku klient\u00f3w b\u0119d\u0105cych osobami fizycznymi \u2013 podj\u0119cia dzia\u0142a\u0144 przed zawarciem Umowy na \u017c\u0105danie osoby, kt\u00f3rej dane dotycz\u0105, lub realizacji umowy, na podstawie art. 6 ust. 1 lit. b) RODO;<\/li>\n\n\n\n<li class=\" eplus-wrapper\">w przypadku reprezentant\u00f3w klient\u00f3w \u2013 w celu realizacji bie\u017c\u0105cej wsp\u00f3\u0142pracy z klientem, kt\u00f3rego reprezentuje, na podstawie art. 6 ust. 1 lit. f) RODO.<\/li>\n\n\n\n<li class=\" eplus-wrapper\">wype\u0142nienia prawnych obowi\u0105zk\u00f3w ci\u0105\u017c\u0105cych na Administratorze m.in. w zakresie prowadzenia dokumentacji ksi\u0119gowej, na podstawie art. 6 ust. 1 lit. c) RODO.<\/li>\n\n\n\n<li class=\" eplus-wrapper\">dochodzenia roszcze\u0144 wynikaj\u0105cych z zawartych um\u00f3w, na podstawie art. 6 ust. 1 lit. f) RODO.<\/li>\n\n\n\n<li class=\" eplus-wrapper\">marketingu bezpo\u015bredniego w\u0142asnych produkt\u00f3w i us\u0142ug, na podstawie art. 6 ust. 1 lit. f) RODO.<\/li>\n<\/ol>\n<\/li>\n\n\n\n<li class=\" eplus-wrapper\">Podane dane osobowe, w zale\u017cno\u015bci od celu ich przetwarzania b\u0119d\u0105 przetwarzane przez Administratora:\n<ol style=\"list-style-type:lower-alpha\" class=\"eplus-wrapper wp-block-list\">\n<li class=\" eplus-wrapper\">przez czas trwania umowy;<\/li>\n\n\n\n<li class=\" eplus-wrapper\">przez czas wykonywania obowi\u0105zk\u00f3w prawnych oraz czas, w kt\u00f3rym przepisy prawa nakazuj\u0105 ich przetwarzanie;<\/li>\n\n\n\n<li class=\" eplus-wrapper\">przez czas po kt\u00f3rym przedawni\u0105 si\u0119 roszczenia wynikaj\u0105ce z umowy;<\/li>\n\n\n\n<li class=\" eplus-wrapper\">do momentu wycofania zgody.<\/li>\n<\/ol>\n<\/li>\n\n\n\n<li class=\" eplus-wrapper\">Podanie danych osobowych jest dobrowolne, jednak niezb\u0119dne w celu podj\u0119cia dzia\u0142a\u0144 przed zawarciem Umowy na \u017c\u0105danie osoby, kt\u00f3rej dane dotycz\u0105, lub realizacji umowy.<\/li>\n\n\n\n<li class=\" eplus-wrapper\">Dane osobowe mog\u0105 by\u0107 udost\u0119pniane innym podmiotom jedynie na podstawie odpowiednich przepis\u00f3w prawa.<\/li>\n\n\n\n<li class=\" eplus-wrapper\">Podane dane osobowe nie b\u0119d\u0105 przekazywane do pa\u0144stw trzecich.<\/li>\n\n\n\n<li class=\" eplus-wrapper\">Osoba, kt\u00f3rej dane dotycz\u0105 posiada prawo dost\u0119pu do swoich danych, ich sprostowania, zaktualizowania i prawo do ograniczenia przetwarzania danych, a w zakresie, w kt\u00f3rym przepisy prawa nie stanowi\u0105 inaczej r\u00f3wnie\u017c prawo do ich usuni\u0119cia, wniesienia sprzeciwu wobec przetwarzania oraz prawo do przenoszenia danych.<\/li>\n\n\n\n<li class=\" eplus-wrapper\">Osoba, kt\u00f3rej dane dotycz\u0105 posiada prawo wniesienia skargi do organu nadzorczego gdy uzna, i\u017c przetwarzanie jego danych osobowych narusza przepisy RODO.<\/li>\n\n\n\n<li class=\" eplus-wrapper\">Dane osobowe nie b\u0119d\u0105 przetwarzane w spos\u00f3b zautomatyzowany w tym r\u00f3wnie\u017c w formie profilowania.<\/li>\n<\/ol>\n<\/div><\/div>\n\n\n            <div style=\"height: clamp(4.8rem, 8vw, 9.6rem);\"\n        aria-hidden=\"true\"><\/div>\n","protected":false},"excerpt":{"rendered":"<p>Polityka prywatno\u015bci<\/p>\n","protected":false},"author":1,"featured_media":0,"parent":0,"menu_order":0,"comment_status":"closed","ping_status":"open","template":"","meta":{"inline_featured_image":false,"footnotes":""},"class_list":["post-3","page","type-page","status-publish","hentry"],"yoast_head":"<!-- This site is optimized with the Yoast SEO plugin v27.1.1 - https:\/\/yoast.com\/product\/yoast-seo-wordpress\/ -->\n<title>Polityka prywatno\u015bci - Aluron<\/title>\n<meta name=\"robots\" content=\"noindex, follow\" \/>\n<meta property=\"og:locale\" content=\"pl_PL\" \/>\n<meta property=\"og:type\" content=\"article\" \/>\n<meta property=\"og:title\" content=\"Polityka prywatno\u015bci - Aluron\" \/>\n<meta property=\"og:description\" content=\"Polityka prywatno\u015bci\" \/>\n<meta property=\"og:url\" content=\"https:\/\/www.aluron.pl\/polityka-prywatnosci\/\" \/>\n<meta property=\"og:site_name\" content=\"Aluron\" \/>\n<meta property=\"article:modified_time\" content=\"2024-06-10T13:54:29+00:00\" \/>\n<meta name=\"twitter:card\" content=\"summary_large_image\" \/>\n<meta name=\"twitter:label1\" content=\"Szacowany czas czytania\" \/>\n\t<meta name=\"twitter:data1\" content=\"3 minuty\" \/>\n<script type=\"application\/ld+json\" class=\"yoast-schema-graph\">{\"@context\":\"https:\/\/schema.org\",\"@graph\":[{\"@type\":\"WebPage\",\"@id\":\"https:\/\/www.aluron.pl\/polityka-prywatnosci\/\",\"url\":\"https:\/\/www.aluron.pl\/polityka-prywatnosci\/\",\"name\":\"Polityka prywatno\u015bci - Aluron\",\"isPartOf\":{\"@id\":\"https:\/\/www.aluron.pl\/#website\"},\"datePublished\":\"2024-03-11T08:53:31+00:00\",\"dateModified\":\"2024-06-10T13:54:29+00:00\",\"breadcrumb\":{\"@id\":\"https:\/\/www.aluron.pl\/polityka-prywatnosci\/#breadcrumb\"},\"inLanguage\":\"pl-PL\",\"potentialAction\":[{\"@type\":\"ReadAction\",\"target\":[\"https:\/\/www.aluron.pl\/polityka-prywatnosci\/\"]}]},{\"@type\":\"BreadcrumbList\",\"@id\":\"https:\/\/www.aluron.pl\/polityka-prywatnosci\/#breadcrumb\",\"itemListElement\":[{\"@type\":\"ListItem\",\"position\":1,\"name\":\"Aluron\",\"item\":\"https:\/\/www.aluron.pl\/\"},{\"@type\":\"ListItem\",\"position\":2,\"name\":\"Polityka prywatno\u015bci\"}]},{\"@type\":\"WebSite\",\"@id\":\"https:\/\/www.aluron.pl\/#website\",\"url\":\"https:\/\/www.aluron.pl\/\",\"name\":\"Aluron\",\"description\":\"\",\"publisher\":{\"@id\":\"https:\/\/www.aluron.pl\/#organization\"},\"potentialAction\":[{\"@type\":\"SearchAction\",\"target\":{\"@type\":\"EntryPoint\",\"urlTemplate\":\"https:\/\/www.aluron.pl\/?s={search_term_string}\"},\"query-input\":{\"@type\":\"PropertyValueSpecification\",\"valueRequired\":true,\"valueName\":\"search_term_string\"}}],\"inLanguage\":\"pl-PL\"},{\"@type\":\"Organization\",\"@id\":\"https:\/\/www.aluron.pl\/#organization\",\"name\":\"Aluron - Producent System\u00f3w Aluminiowych\",\"url\":\"https:\/\/www.aluron.pl\/\",\"logo\":{\"@type\":\"ImageObject\",\"inLanguage\":\"pl-PL\",\"@id\":\"https:\/\/www.aluron.pl\/#\/schema\/logo\/image\/\",\"url\":\"https:\/\/www.aluron.pl\/wp-content\/uploads\/2024\/03\/Logo-aluron.svg\",\"contentUrl\":\"https:\/\/www.aluron.pl\/wp-content\/uploads\/2024\/03\/Logo-aluron.svg\",\"width\":146,\"height\":40,\"caption\":\"Aluron - Producent System\u00f3w Aluminiowych\"},\"image\":{\"@id\":\"https:\/\/www.aluron.pl\/#\/schema\/logo\/image\/\"}}]}<\/script>\n<!-- \/ Yoast SEO plugin. -->","yoast_head_json":{"title":"Polityka prywatno\u015bci - Aluron","robots":{"index":"noindex","follow":"follow"},"og_locale":"pl_PL","og_type":"article","og_title":"Polityka prywatno\u015bci - Aluron","og_description":"Polityka prywatno\u015bci","og_url":"https:\/\/www.aluron.pl\/polityka-prywatnosci\/","og_site_name":"Aluron","article_modified_time":"2024-06-10T13:54:29+00:00","twitter_card":"summary_large_image","twitter_misc":{"Szacowany czas czytania":"3 minuty"},"schema":{"@context":"https:\/\/schema.org","@graph":[{"@type":"WebPage","@id":"https:\/\/www.aluron.pl\/polityka-prywatnosci\/","url":"https:\/\/www.aluron.pl\/polityka-prywatnosci\/","name":"Polityka prywatno\u015bci - Aluron","isPartOf":{"@id":"https:\/\/www.aluron.pl\/#website"},"datePublished":"2024-03-11T08:53:31+00:00","dateModified":"2024-06-10T13:54:29+00:00","breadcrumb":{"@id":"https:\/\/www.aluron.pl\/polityka-prywatnosci\/#breadcrumb"},"inLanguage":"pl-PL","potentialAction":[{"@type":"ReadAction","target":["https:\/\/www.aluron.pl\/polityka-prywatnosci\/"]}]},{"@type":"BreadcrumbList","@id":"https:\/\/www.aluron.pl\/polityka-prywatnosci\/#breadcrumb","itemListElement":[{"@type":"ListItem","position":1,"name":"Aluron","item":"https:\/\/www.aluron.pl\/"},{"@type":"ListItem","position":2,"name":"Polityka prywatno\u015bci"}]},{"@type":"WebSite","@id":"https:\/\/www.aluron.pl\/#website","url":"https:\/\/www.aluron.pl\/","name":"Aluron","description":"","publisher":{"@id":"https:\/\/www.aluron.pl\/#organization"},"potentialAction":[{"@type":"SearchAction","target":{"@type":"EntryPoint","urlTemplate":"https:\/\/www.aluron.pl\/?s={search_term_string}"},"query-input":{"@type":"PropertyValueSpecification","valueRequired":true,"valueName":"search_term_string"}}],"inLanguage":"pl-PL"},{"@type":"Organization","@id":"https:\/\/www.aluron.pl\/#organization","name":"Aluron - Producent System\u00f3w Aluminiowych","url":"https:\/\/www.aluron.pl\/","logo":{"@type":"ImageObject","inLanguage":"pl-PL","@id":"https:\/\/www.aluron.pl\/#\/schema\/logo\/image\/","url":"https:\/\/www.aluron.pl\/wp-content\/uploads\/2024\/03\/Logo-aluron.svg","contentUrl":"https:\/\/www.aluron.pl\/wp-content\/uploads\/2024\/03\/Logo-aluron.svg","width":146,"height":40,"caption":"Aluron - Producent System\u00f3w Aluminiowych"},"image":{"@id":"https:\/\/www.aluron.pl\/#\/schema\/logo\/image\/"}}]}},"acf":[],"gutenberg_blocks":[{"blockName":"custom-styles","attrs":{"styles":""}},{"blockName":"acf\/separator","attrs":{"name":"acf\/separator","data":{"separator_values_min":"48","_separator_values_min":"field_659d1d0e47ee6","separator_values_max":"96","_separator_values_max":"field_659d1d4547ee7","separator_values":"","_separator_values":"field_659d261a7f4e0"},"mode":"edit"},"innerBlocks":[],"innerHTML":"","innerContent":[]},{"blockName":"core\/group","attrs":{"className":"wysiwyg","layout":{"type":"constrained"},"epCustomSizing":{"height":{"value":"","important":false,"unit":"%"},"width":{"value":"","important":false,"unit":"%"},"maxWidth":{"value":88,"important":true,"unit":"rem"},"maxHeight":{"value":"","important":false,"unit":"%"}},"epGeneratedClass":"eplus-wrapper"},"innerBlocks":[{"blockName":"core\/heading","attrs":{"level":1,"className":"","epGeneratedClass":"eplus-wrapper"},"innerBlocks":[],"innerHTML":"\n<h1 class=\" wp-block-heading eplus-wrapper\">Polityka prywatno\u015bci<\/h1>\n","innerContent":["\n<h1 class=\" wp-block-heading eplus-wrapper\">Polityka prywatno\u015bci<\/h1>\n"]},{"blockName":"core\/list","attrs":{"ordered":true,"className":"","epGeneratedClass":"eplus-wrapper"},"innerBlocks":[{"blockName":"core\/list-item","attrs":{"className":"","epGeneratedClass":"eplus-wrapper"},"innerBlocks":[],"innerHTML":"\n<li class=\" eplus-wrapper\">Administratorem danych osobowych jest Aluron K. Baran i Wsp\u00f3lnicy S.K.A., ul. Podmiejska 11, 42-400 Zawiercie, NIP: 9462343265, REGON: 432490395, KRS: 0001069069<\/li>\n","innerContent":["\n<li class=\" eplus-wrapper\">Administratorem danych osobowych jest Aluron K. Baran i Wsp\u00f3lnicy S.K.A., ul. Podmiejska 11, 42-400 Zawiercie, NIP: 9462343265, REGON: 432490395, KRS: 0001069069<\/li>\n"]},{"blockName":"core\/list-item","attrs":{"className":"","epGeneratedClass":"eplus-wrapper"},"innerBlocks":[],"innerHTML":"\n<li class=\" eplus-wrapper\">Kontakt z Inspektorem Ochrony Danych Administratora mo\u017cliwy jest pod adresem e-mail \u2013 iod@itmfox.pl<\/li>\n","innerContent":["\n<li class=\" eplus-wrapper\">Kontakt z Inspektorem Ochrony Danych Administratora mo\u017cliwy jest pod adresem e-mail \u2013 iod@itmfox.pl<\/li>\n"]},{"blockName":"core\/list-item","attrs":{"className":"","epGeneratedClass":"eplus-wrapper"},"innerBlocks":[],"innerHTML":"\n<li class=\" eplus-wrapper\">Dane osobowe przetwarzane s\u0105 przez Administratora na podstawie Rozporz\u0105dzenia Parlamentu Europejskiego i Rady (UE) nr 2016\/679 z dnia 27 kwietnia 2016 r. w sprawie ochrony os\u00f3b fizycznych w zwi\u0105zku z przetwarzaniem danych osobowych i w sprawie swobodnego przep\u0142ywu takich danych oraz uchylenia dyrektywy 95\/46\/WE zwanego dalej RODO.<\/li>\n","innerContent":["\n<li class=\" eplus-wrapper\">Dane osobowe przetwarzane s\u0105 przez Administratora na podstawie Rozporz\u0105dzenia Parlamentu Europejskiego i Rady (UE) nr 2016\/679 z dnia 27 kwietnia 2016 r. w sprawie ochrony os\u00f3b fizycznych w zwi\u0105zku z przetwarzaniem danych osobowych i w sprawie swobodnego przep\u0142ywu takich danych oraz uchylenia dyrektywy 95\/46\/WE zwanego dalej RODO.<\/li>\n"]},{"blockName":"core\/list-item","attrs":{"className":"","epGeneratedClass":"eplus-wrapper"},"innerBlocks":[{"blockName":"core\/list","attrs":{"ordered":true,"type":"lower-alpha","className":"","epGeneratedClass":"eplus-wrapper"},"innerBlocks":[{"blockName":"core\/list-item","attrs":{"className":"","epGeneratedClass":"eplus-wrapper"},"innerBlocks":[],"innerHTML":"\n<li class=\" eplus-wrapper\">w przypadku klient\u00f3w b\u0119d\u0105cych osobami fizycznymi \u2013 podj\u0119cia dzia\u0142a\u0144 przed zawarciem Umowy na \u017c\u0105danie osoby, kt\u00f3rej dane dotycz\u0105, lub realizacji umowy, na podstawie art. 6 ust. 1 lit. b) RODO;<\/li>\n","innerContent":["\n<li class=\" eplus-wrapper\">w przypadku klient\u00f3w b\u0119d\u0105cych osobami fizycznymi \u2013 podj\u0119cia dzia\u0142a\u0144 przed zawarciem Umowy na \u017c\u0105danie osoby, kt\u00f3rej dane dotycz\u0105, lub realizacji umowy, na podstawie art. 6 ust. 1 lit. b) RODO;<\/li>\n"]},{"blockName":"core\/list-item","attrs":{"className":"","epGeneratedClass":"eplus-wrapper"},"innerBlocks":[],"innerHTML":"\n<li class=\" eplus-wrapper\">w przypadku reprezentant\u00f3w klient\u00f3w \u2013 w celu realizacji bie\u017c\u0105cej wsp\u00f3\u0142pracy z klientem, kt\u00f3rego reprezentuje, na podstawie art. 6 ust. 1 lit. f) RODO.<\/li>\n","innerContent":["\n<li class=\" eplus-wrapper\">w przypadku reprezentant\u00f3w klient\u00f3w \u2013 w celu realizacji bie\u017c\u0105cej wsp\u00f3\u0142pracy z klientem, kt\u00f3rego reprezentuje, na podstawie art. 6 ust. 1 lit. f) RODO.<\/li>\n"]},{"blockName":"core\/list-item","attrs":{"className":"","epGeneratedClass":"eplus-wrapper"},"innerBlocks":[],"innerHTML":"\n<li class=\" eplus-wrapper\">wype\u0142nienia prawnych obowi\u0105zk\u00f3w ci\u0105\u017c\u0105cych na Administratorze m.in. w zakresie prowadzenia dokumentacji ksi\u0119gowej, na podstawie art. 6 ust. 1 lit. c) RODO.<\/li>\n","innerContent":["\n<li class=\" eplus-wrapper\">wype\u0142nienia prawnych obowi\u0105zk\u00f3w ci\u0105\u017c\u0105cych na Administratorze m.in. w zakresie prowadzenia dokumentacji ksi\u0119gowej, na podstawie art. 6 ust. 1 lit. c) RODO.<\/li>\n"]},{"blockName":"core\/list-item","attrs":{"className":"","epGeneratedClass":"eplus-wrapper"},"innerBlocks":[],"innerHTML":"\n<li class=\" eplus-wrapper\">dochodzenia roszcze\u0144 wynikaj\u0105cych z zawartych um\u00f3w, na podstawie art. 6 ust. 1 lit. f) RODO.<\/li>\n","innerContent":["\n<li class=\" eplus-wrapper\">dochodzenia roszcze\u0144 wynikaj\u0105cych z zawartych um\u00f3w, na podstawie art. 6 ust. 1 lit. f) RODO.<\/li>\n"]},{"blockName":"core\/list-item","attrs":{"className":"","epGeneratedClass":"eplus-wrapper"},"innerBlocks":[],"innerHTML":"\n<li class=\" eplus-wrapper\">marketingu bezpo\u015bredniego w\u0142asnych produkt\u00f3w i us\u0142ug, na podstawie art. 6 ust. 1 lit. f) RODO.<\/li>\n","innerContent":["\n<li class=\" eplus-wrapper\">marketingu bezpo\u015bredniego w\u0142asnych produkt\u00f3w i us\u0142ug, na podstawie art. 6 ust. 1 lit. f) RODO.<\/li>\n"]}],"innerHTML":"\n<ol style=\"list-style-type:lower-alpha\" class=\" eplus-wrapper\">\n\n\n\n\n\n\n\n<\/ol>\n","innerContent":["\n<ol style=\"list-style-type:lower-alpha\" class=\" eplus-wrapper\">",null,"\n\n",null,"\n\n",null,"\n\n",null,"\n\n",null,"<\/ol>\n"]}],"innerHTML":"\n<li class=\" eplus-wrapper\">Podane dane osobowe przetwarzane s\u0105 w celu:<\/li>\n","innerContent":["\n<li class=\" eplus-wrapper\">Podane dane osobowe przetwarzane s\u0105 w celu:",null,"<\/li>\n"]},{"blockName":"core\/list-item","attrs":{"className":"","epGeneratedClass":"eplus-wrapper"},"innerBlocks":[{"blockName":"core\/list","attrs":{"ordered":true,"type":"lower-alpha","className":"","epGeneratedClass":"eplus-wrapper"},"innerBlocks":[{"blockName":"core\/list-item","attrs":{"className":"","epGeneratedClass":"eplus-wrapper"},"innerBlocks":[],"innerHTML":"\n<li class=\" eplus-wrapper\">przez czas trwania umowy;<\/li>\n","innerContent":["\n<li class=\" eplus-wrapper\">przez czas trwania umowy;<\/li>\n"]},{"blockName":"core\/list-item","attrs":{"className":"","epGeneratedClass":"eplus-wrapper"},"innerBlocks":[],"innerHTML":"\n<li class=\" eplus-wrapper\">przez czas wykonywania obowi\u0105zk\u00f3w prawnych oraz czas, w kt\u00f3rym przepisy prawa nakazuj\u0105 ich przetwarzanie;<\/li>\n","innerContent":["\n<li class=\" eplus-wrapper\">przez czas wykonywania obowi\u0105zk\u00f3w prawnych oraz czas, w kt\u00f3rym przepisy prawa nakazuj\u0105 ich przetwarzanie;<\/li>\n"]},{"blockName":"core\/list-item","attrs":{"className":"","epGeneratedClass":"eplus-wrapper"},"innerBlocks":[],"innerHTML":"\n<li class=\" eplus-wrapper\">przez czas po kt\u00f3rym przedawni\u0105 si\u0119 roszczenia wynikaj\u0105ce z umowy;<\/li>\n","innerContent":["\n<li class=\" eplus-wrapper\">przez czas po kt\u00f3rym przedawni\u0105 si\u0119 roszczenia wynikaj\u0105ce z umowy;<\/li>\n"]},{"blockName":"core\/list-item","attrs":{"className":"","epGeneratedClass":"eplus-wrapper"},"innerBlocks":[],"innerHTML":"\n<li class=\" eplus-wrapper\">do momentu wycofania zgody.<\/li>\n","innerContent":["\n<li class=\" eplus-wrapper\">do momentu wycofania zgody.<\/li>\n"]}],"innerHTML":"\n<ol style=\"list-style-type:lower-alpha\" class=\" eplus-wrapper\">\n\n\n\n\n\n<\/ol>\n","innerContent":["\n<ol style=\"list-style-type:lower-alpha\" class=\" eplus-wrapper\">",null,"\n\n",null,"\n\n",null,"\n\n",null,"<\/ol>\n"]}],"innerHTML":"\n<li class=\" eplus-wrapper\">Podane dane osobowe, w zale\u017cno\u015bci od celu ich przetwarzania b\u0119d\u0105 przetwarzane przez Administratora:<\/li>\n","innerContent":["\n<li class=\" eplus-wrapper\">Podane dane osobowe, w zale\u017cno\u015bci od celu ich przetwarzania b\u0119d\u0105 przetwarzane przez Administratora:",null,"<\/li>\n"]},{"blockName":"core\/list-item","attrs":{"className":"","epGeneratedClass":"eplus-wrapper"},"innerBlocks":[],"innerHTML":"\n<li class=\" eplus-wrapper\">Podanie danych osobowych jest dobrowolne, jednak niezb\u0119dne w celu podj\u0119cia dzia\u0142a\u0144 przed zawarciem Umowy na \u017c\u0105danie osoby, kt\u00f3rej dane dotycz\u0105, lub realizacji umowy.<\/li>\n","innerContent":["\n<li class=\" eplus-wrapper\">Podanie danych osobowych jest dobrowolne, jednak niezb\u0119dne w celu podj\u0119cia dzia\u0142a\u0144 przed zawarciem Umowy na \u017c\u0105danie osoby, kt\u00f3rej dane dotycz\u0105, lub realizacji umowy.<\/li>\n"]},{"blockName":"core\/list-item","attrs":{"className":"","epGeneratedClass":"eplus-wrapper"},"innerBlocks":[],"innerHTML":"\n<li class=\" eplus-wrapper\">Dane osobowe mog\u0105 by\u0107 udost\u0119pniane innym podmiotom jedynie na podstawie odpowiednich przepis\u00f3w prawa.<\/li>\n","innerContent":["\n<li class=\" eplus-wrapper\">Dane osobowe mog\u0105 by\u0107 udost\u0119pniane innym podmiotom jedynie na podstawie odpowiednich przepis\u00f3w prawa.<\/li>\n"]},{"blockName":"core\/list-item","attrs":{"className":"","epGeneratedClass":"eplus-wrapper"},"innerBlocks":[],"innerHTML":"\n<li class=\" eplus-wrapper\">Podane dane osobowe nie b\u0119d\u0105 przekazywane do pa\u0144stw trzecich.<\/li>\n","innerContent":["\n<li class=\" eplus-wrapper\">Podane dane osobowe nie b\u0119d\u0105 przekazywane do pa\u0144stw trzecich.<\/li>\n"]},{"blockName":"core\/list-item","attrs":{"className":"","epGeneratedClass":"eplus-wrapper"},"innerBlocks":[],"innerHTML":"\n<li class=\" eplus-wrapper\">Osoba, kt\u00f3rej dane dotycz\u0105 posiada prawo dost\u0119pu do swoich danych, ich sprostowania, zaktualizowania i prawo do ograniczenia przetwarzania danych, a w zakresie, w kt\u00f3rym przepisy prawa nie stanowi\u0105 inaczej r\u00f3wnie\u017c prawo do ich usuni\u0119cia, wniesienia sprzeciwu wobec przetwarzania oraz prawo do przenoszenia danych.<\/li>\n","innerContent":["\n<li class=\" eplus-wrapper\">Osoba, kt\u00f3rej dane dotycz\u0105 posiada prawo dost\u0119pu do swoich danych, ich sprostowania, zaktualizowania i prawo do ograniczenia przetwarzania danych, a w zakresie, w kt\u00f3rym przepisy prawa nie stanowi\u0105 inaczej r\u00f3wnie\u017c prawo do ich usuni\u0119cia, wniesienia sprzeciwu wobec przetwarzania oraz prawo do przenoszenia danych.<\/li>\n"]},{"blockName":"core\/list-item","attrs":{"className":"","epGeneratedClass":"eplus-wrapper"},"innerBlocks":[],"innerHTML":"\n<li class=\" eplus-wrapper\">Osoba, kt\u00f3rej dane dotycz\u0105 posiada prawo wniesienia skargi do organu nadzorczego gdy uzna, i\u017c przetwarzanie jego danych osobowych narusza przepisy RODO.<\/li>\n","innerContent":["\n<li class=\" eplus-wrapper\">Osoba, kt\u00f3rej dane dotycz\u0105 posiada prawo wniesienia skargi do organu nadzorczego gdy uzna, i\u017c przetwarzanie jego danych osobowych narusza przepisy RODO.<\/li>\n"]},{"blockName":"core\/list-item","attrs":{"className":"","epGeneratedClass":"eplus-wrapper"},"innerBlocks":[],"innerHTML":"\n<li class=\" eplus-wrapper\">Dane osobowe nie b\u0119d\u0105 przetwarzane w spos\u00f3b zautomatyzowany w tym r\u00f3wnie\u017c w formie profilowania.<\/li>\n","innerContent":["\n<li class=\" eplus-wrapper\">Dane osobowe nie b\u0119d\u0105 przetwarzane w spos\u00f3b zautomatyzowany w tym r\u00f3wnie\u017c w formie profilowania.<\/li>\n"]}],"innerHTML":"\n<ol class=\" eplus-wrapper\">\n\n\n\n\n\n\n\n\n\n\n\n\n\n\n\n\n\n\n\n<\/ol>\n","innerContent":["\n<ol class=\" eplus-wrapper\">",null,"\n\n",null,"\n\n",null,"\n\n",null,"\n\n",null,"\n\n",null,"\n\n",null,"\n\n",null,"\n\n",null,"\n\n",null,"\n\n",null,"<\/ol>\n"]}],"innerHTML":"\n<div class=\"wysiwyg wp-block-group eplus-wrapper\">\n\n<\/div>\n","innerContent":["\n<div class=\"wysiwyg wp-block-group eplus-wrapper\">",null,"\n\n",null,"<\/div>\n"]},{"blockName":"acf\/separator","attrs":{"name":"acf\/separator","data":{"separator_values_min":"48","_separator_values_min":"field_659d1d0e47ee6","separator_values_max":"96","_separator_values_max":"field_659d1d4547ee7","separator_values":"","_separator_values":"field_659d261a7f4e0"},"mode":"edit"},"innerBlocks":[],"innerHTML":"","innerContent":[]}],"meta_data":{"container":"","menu_color":"dark","menu_type":"normal","is_individual_area_page":false},"_links":{"self":[{"href":"https:\/\/www.aluron.pl\/index.php\/wp-json\/wp\/v2\/pages\/3","targetHints":{"allow":["GET"]}}],"collection":[{"href":"https:\/\/www.aluron.pl\/index.php\/wp-json\/wp\/v2\/pages"}],"about":[{"href":"https:\/\/www.aluron.pl\/index.php\/wp-json\/wp\/v2\/types\/page"}],"author":[{"embeddable":true,"href":"https:\/\/www.aluron.pl\/index.php\/wp-json\/wp\/v2\/users\/1"}],"replies":[{"embeddable":true,"href":"https:\/\/www.aluron.pl\/index.php\/wp-json\/wp\/v2\/comments?post=3"}],"version-history":[{"count":6,"href":"https:\/\/www.aluron.pl\/index.php\/wp-json\/wp\/v2\/pages\/3\/revisions"}],"predecessor-version":[{"id":11473,"href":"https:\/\/www.aluron.pl\/index.php\/wp-json\/wp\/v2\/pages\/3\/revisions\/11473"}],"wp:attachment":[{"href":"https:\/\/www.aluron.pl\/index.php\/wp-json\/wp\/v2\/media?parent=3"}],"curies":[{"name":"wp","href":"https:\/\/api.w.org\/{rel}","templated":true}]}}